**3 - 108*h**2 + 1367*h + 631. What is v(33)?
4
Let j(i) = -1206*i**2 + 507*i + 9. Give j(-1).
-1704
Let c(r) = -2*r**2 - 72*r + 303437. Determine c(372).
-115
Let w(p) = -9*p**3 - 5176*p**2 - 554*p + 12111. Determine w(-575).
36
Let x(j) = 1081954*j + 4327899. Determine x(-4).
83
Let k(x) = 8466*x + 1252971. Calculate k(-148).
3
Let k(h) = 3*h**3 + 232*h**2 + 493*h - 485. Calculate k(-75).
1915
Let o(d) = 16*d**2 - 763*d - 357. Calculate o(49).
672
Let d(j) = -50996*j + 50972. Determine d(1).
-24
Let i(k) = 6377*k - 18665. Determine i(3).
466
Let i(t) = 2*t**3 + 119*t**2 + 1413*t - 108. Give i(-43).
150
Let h(s) = -3*s**3 - 23*s**2 - 25*s + 16. What is h(-2)?
-2
Let g(p) = -67*p**2 + 27414*p - 4508. Determine g(409).
-9
Let u(v) = 13*v**2 - 3724*v + 88041. Calculate u(26).
5
Let v(w) = -w**3 - 67*w**2 - 1304*w - 8138. Calculate v(-39).
130
Let m(z) = 15*z**2 + 2554*z - 23402. What is m(-179)?
47
Let s(q) = -2*q**3 - 204*q**2 - 204*q - 96. Calculate s(-101).
106
Let t(h) = 39*h**2 + 1020*h + 51. Give t(-26).
-105
Let l(f) = f**3 + 270*f**2 - 303*f - 81717. Give l(-270).
93
Let f(i) = 120*i**2 - 2371*i - 18. Give f(20).
562
Let c(w) = -w**2 + 108*w - 2910. Give c(56).
2
Let i(u) = 544*u + 164883. What is i(-303)?
51
Let a(t) = -35962*t**2 + 35967*t - 3. Determine a(1).
2
Let x(q) = -34*q**2 - 254*q - 85. Calculate x(-7).
27
Let m(j) = -251788*j - 3776825. Determine m(-15).
-5
Let c(f) = -307*f - 8674. Calculate c(-37).
2685
Let r(a) = 123*a**2 + 65556*a - 1666. Calculate r(-533).
-67
Let g(v) = -2*v**3 - 484*v**2 + 3462*v - 5973. What is g(-249)?
3
Let o(l) = 10*l**3 + 390*l**2 - 6*l - 179. Give o(-39).
55
Let o(f) = -2819*f - 332608. Calculate o(-118).
34
Let m(c) = -c**3 - 23*c**2 - 1011*c - 11474. Determine m(-13).
-21
Let c(w) = 2*w**3 + 66*w**2 - 487*w + 115. Calculate c(-39).
856
Let o(w) = -198*w + 7355. Give o(16).
4187
Let v(w) = -w**2 + 155*w + 3295. Give v(174).
-11
Let w(x) = -x**3 + 111*x**2 + 173*x - 6924. Give w(112).
-92
Let b(k) = -881*k - 18235. Give b(-21).
266
Let r(h) = 4472*h + 53665. Determine r(-12).
1
Let d(i) = 647*i**3 - 4621*i**2 + 645*i + 2. Determine d(7).
9
Let s(l) = 2*l**3 - 187*l**2 - 1250*l - 4940. What is s(100)?
60
Let l(s) = -1573*s + 110018. What is l(70)?
-92
Let s(p) = -p**2 - 113*p - 3256. Determine s(-70).
-246
Let z(q) = 15*q**3 + 397*q**2 - 219*q - 52. Give z(-27).
29
Let o(f) = 2*f**3 + 166*f - 487. Determine o(3).
65
Let c(k) = 3*k**3 - 25*k**2 - 962*k - 1715. Give c(23).
-565
Let n(w) = 44*w**2 + 304*w - 27. Determine n(0).
-27
Let s(z) = -40064*z + 480156. What is s(12)?
-612
Let r(x) = -4*x**2 + 332*x - 4330. What is r(67)?
-42
Let t(l) = 280*l + 4202. What is t(-15)?
2
Let k(m) = -m**2 + 74*m - 339. Give k(64).
301
Let y(m) = 6*m**2 + 1420*m + 4261. Give y(-3).
55
Let x(l) = l**3 + 196*l**2 - 131*l - 25680. Determine x(-196).
-4
Let f(d) = 2*d**2 + 4761*d - 52564. Determine f(11).
49
Let h(k) = -k**3 + 14*k**2 - 1456*k + 26729. Give h(18).
-775
Let r(y) = -18808*y + 2727161. What is r(145)?
1
Let o(k) = 81*k**2 + 15*k - 1240. Give o(-4).
-4
Let m(o) = 3*o**3 + 12*o**2 - 156*o - 645. What is m(0)?
-645
Let r(b) = -40*b**3 - 1498*b**2 + 1041*b + 7784. Give r(-38).
-6
Let n(u) = u**3 - 2*u**2 - 280*u + 141. Determine n(-16).
13
Let y(x) = 401*x + 31794. Calculate y(-79).
115
Let p(b) = -b**2 + 97573*b - 1073185. Give p(11).
-3
Let v(a) = -182*a**2 + 20049*a - 3205. What is v(110)?
-15
Let q(l) = 973*l - 1648265. What is q(1694)?
-3
Let x(d) = 2*d**3 - 12*d**2 + 7834*d - 54961. Give x(7).
-25
Let r(p) = 4*p**2 + 43*p - 424. Determine r(-13).
-307
Let s(q) = 10116*q - 161875. What is s(16)?
-19
Let g(i) = -5*i**3 + 361*i**2 + 1935*i + 44. What is g(-5)?
19
Let w(t) = -2*t**2 - 8124*t + 105863. What is w(13)?
-87
Let k(d) = -4*d**2 + 91*d - 1557. Determine k(20).
-1337
Let c(o) = -o**3 - 43*o**2 + 2425*o + 103302. What is c(-42)?
-312
Let m(h) = -3*h**2 - 33*h + 12392. Determine m(59).
2
Let x(l) = -50*l**2 - 122*l + 655. What is x(5)?
-1205
Let q(b) = -5*b**3 + 60*b**2 - 12*b + 136. Determine q(12).
-8
Let m(d) = -5*d**3 - 37*d**2 - 44*d + 8. What is m(-9)?
1052
Let g(a) = -14*a**2 - 407*a + 2879. Determine g(7).
-656
Let h(f) = -2*f**3 - 2*f**2 - 365*f - 1567. What is h(-4)?
-11
Let x(k) = 4*k**2 + 148*k + 1050. Calculate x(-16).
-294
Let i(t) = 2*t**2 - 558*t + 39018. Give i(154).
518
Let j(p) = 10387*p + 1100999. Calculate j(-106).
-23
Let k(n) = 7*n**2 + 121*n + 1911. What is k(-25)?
3261
Let u(o) = 1768*o - 59152. Determine u(33).
-808
Let z(q) = 2*q**3 - 530*q**2 + 12007*q + 137. Give z(240).
1817
Let j(u) = -3*u**3 + 28*u**2 - 4677*u + 27717. Give j(6).
15
Let k(g) = -g**2 + 700*g + 7819. Give k(-11).
-2
Let x(d) = -3*d**2 - 138496*d - 6. Determine x(0).
-6
Let s(b) = -52*b**2 + 261*b + 4. Determine s(5).
9
Let l(y) = -2516*y + 7319. Give l(3).
-229
Let q(d) = -12*d**3 - 59*d**2 + 72*d + 488. Determine q(-6).
524
Let f(m) = -31*m**2 + 674*m - 326. Give f(21).
157
Let n(f) = 2*f**3 + 3*f**2 + 16*f + 168. Give n(-4).
24
Let b(q) = -444*q + 37256. Calculate b(84).
-40
Let n(h) = -62616*h - 1440160. Determine n(-23).
8
Let j(z) = 5*z**2 + 225*z - 3884. Give j(13).
-114
Let m(o) = -7261*o - 4407423. What is m(-607)?
4
Let r(t) = -13*t**3 + 753*t**2 + 40*t + 1016. Give r(58).
-28
Let g(b) = -b**2 - 393*b - 6925. Give g(-20).
535
Let y(v) = -1605*v**2 + 4910*v - 282. What is y(3)?
3
Let y(o) = 210*o - 7339. Determine y(41).
1271
Let z(v) = 763*v**2 - 4295*v - 1692. Determine z(6).
6
Let c(q) = q**2 - 125*q - 61593. What is c(-193)?
-219
Let a(g) = -g**2 - 882*g + 374036. What is a(313)?
1
Let s(a) = -3*a**3 + 11*a**2 - 45*a + 181. Calculate s(6).
-341
Let y(b) = 106960*b + 320676. Determine y(-3).
-204
Let o(q) = -5131*q + 3119643. Calculate o(608).
-5
Let j(s) = -s**2 + 1780*s - 108172. Calculate j(63).
-1
Let y(j) = j**3 + 40*j**2 + 350*j + 14014. Give y(-40).
14
Let t(k) = 46*k**3 - 116*k**2 + 452*k + 29. Give t(4).
2925
Let n(f) = -50670*f - 9779314. Calculate n(-193).
-4
Let u(g) = 5303*g - 47567. Calculate u(9).
160
Let g(s) = 6*s**2 - 685*s - 816. Give g(118).
1898
Let d(v) = 17734*v + 53200. What is d(-3)?
-2
Let d(s) = -3*s**3 + 293*s**2 - 200*s + 237. Determine d(97).
-345
Let q(m) = m**3 - 60*m**2 + 721*m + 583. Determine q(17).
413
Let i(s) = 39*s**2 + 156*s + 1209. Calculate i(-7).
2028
Let r(p) = -p**3 - 20*p**2 + 1896*p + 34753. Calculate r(-18).
-23
Let b(k) = -74*k**2 + 417*k - 301. Calculate b(-6).
-5467
Let v(n) = 52*n**2 - 722*n + 1708. Calculate v(3).
10
Let a(u) = -368*u + 157949. What is a(429)?
77
Let u(n) = 707*n**2 + 11536*n + 3590. What is u(-16)?
6
Let f(l) = 30*l**2 + 243*l - 3183. Give f(8).
681
Let o(x) = -894*x**2 - 20590*x - 589. Give o(-23).
55
Let f(j) = -370594*j + 7041289. What is f(19)?
3
Let q(i) = -i**3 - 30*i**2 + 682*i + 18617. Give q(-26).
-1819
Let s(h) = 4*h**3 - 939*h**2 - 1222*h + 9840. What is s(236)?
-72
Let a(h) = -27625*h + 2044252. Calculate a(74).
2
Let w(p) = 16453*p - 81915. What is w(5)?
350
Let s(x) = 14*x**2 + 909*x + 5671. What is s(-58)?
45
Let t(x) = -x**2 + 602*x + 29400. Calculate t(-46).
-408
Let t(r) = r**3 - 117*r**2 + 115*r - 13428. Give t(117).
27
Let u(v) = v**3 - 31*v**2 - 127*v + 164. Give u(-5).
-101
Let x(f) = 41*f + 1148. Calculate x(-16).
492
Let b(a) = -3*a**3 + 2*a**2 + 73*a + 367. Give b(-6).
649
Let y(r) = -1354*r - 7751. What is y(-4)?
-2335
Let d(y) = -2167*y + 17302. Calculate d(8).
-34
Let y(s) = -2*s**2 - 2547*s - 32762. Determine y(-13).
11
Let r(b) = 12097*b + 142614. Calculate r(-12).
-2550
Let v(w) = 2*w**3 - 95*w**2 + 2600*w + 2696. Calculate v(-1).
-1
Let p(z) = 8*z**2 - 4250*z - 7465. Calculate p(533).
-3
Let q(t) = t**3 - 172*t**2 + 5077*t + 2169. Determine q(134).
159
Let r(z) = 241*z**3 - z**2 + 17*z + 19. Give r(-2).
-1947
Let w(z) = -z**3 - 53*z**2 + 61*z + 342. What is w(-54)?
-36
Let r(q) = 10*q**3 - 17*q + 25. Give r(2).
71
Let v(u) = -u**2 + 300*u + 13224. What is v(-39)?
3
Let s(w) = 3*w**3 - 630*w**2 - 5707*w - 10. Calculate s(-9).
-1864
Let v(z) = -z**3 - 384*z**2 + 8102*z - 434. Calculate v(20).
6
Let b(w) = -137*w**2 - 7177*w - 2754. Calculate b(-52).
2
Let x(q) = -193594*q + 3871871. Give x(20).
-9
Let y(v) = -13*v**3 - 1092*v**2 - 16*v - 1385. Give y(-84).
-41
Let p(i) = -15*i**2 + 112*i +